{"id":4144,"date":"2017-04-07T11:34:46","date_gmt":"2017-04-07T09:34:46","guid":{"rendered":"https:\/\/hotel-dela-paix.com\/the-hotel\/"},"modified":"2026-04-08T16:18:08","modified_gmt":"2026-04-08T14:18:08","slug":"the-hotel","status":"publish","type":"page","link":"https:\/\/hotel-dela-paix.com\/en\/the-hotel\/","title":{"rendered":"THE HOTEL"},"content":{"rendered":"<p>[vc_row enable_overlay=&#8221;true&#8221; css=&#8221;.vc_custom_1455707025606{margin-top: 35px !important;margin-right: 0px !important;margin-bottom: 0px !important;margin-left: 0px !important;padding-top: 0px !important;padding-bottom: 0px !important;}&#8221; el_class=&#8221;box_shadow&#8221;][vc_column enable_overlay=&#8221;true&#8221; css=&#8221;.vc_custom_1455200116499{margin-top: 0px !important;margin-right: 0px !important;margin-bottom: 0px !important;margin-left: 0px !important;padding-top: 20px !important;padding-right: 20px !important;padding-bottom: 20px !important;padding-left: 20px !important;background-color: #ffffff !important;}&#8221;][vc_column_text size=&#8221;0&#8243; css=&#8221;.vc_custom_1775657859897{margin-top: 0px !important;margin-right: 0px !important;margin-bottom: 0px !important;margin-left: 0px !important;padding-top: 0px !important;padding-right: 0px !important;padding-bottom: 0px !important;padding-left: 0px !important;}&#8221;]<div class=\"recent-post-slider design-1\">                <div class=\"post-slides\">\n\n                                            <div class=\"post-content-position\">\n                            <div class=\"post-content-left medium-8 columns\">\n                                                                                                    <h2 class=\"wp-post-title\"><a href=\"https:\/\/hotel-dela-paix.com\/en\/christophe_leclerc\/\">La Champagne , de la terre \u00e0 la coupe<\/a><\/h2>\n                                                                                                    <div class=\"wp-post-date\">\n                                                                                19 March 2026                                    <\/div>\n                                                                                                    <div class=\"wp-post-content\">Nouveau Livre \ud83d\udcd5 disponible \u00e0 l\u2019h\u00f4tel de la Paix Christophe Leclerc. Son premier ouvrage, Une aventure au-del\u00e0&hellip;<\/div>\n                                                            <\/div>\n                                                            <div class=\"post-image-bg\">\n                                    <img src=\"https:\/\/hotel-dela-paix.com\/wp-content\/plugins\/recents-post-slider\/assets\/images\/default.jpg\" alt=\"La Champagne , de la terre \u00e0 la coupe\" \/>\n                                <\/div>\n                                                    <\/div>\n                    \n                <\/div>\n            \n                        <div class=\"post-slides\">\n\n                                            <div class=\"post-content-position\">\n                            <div class=\"post-content-left medium-8 columns\">\n                                                                                                    <h2 class=\"wp-post-title\"><a href=\"https:\/\/hotel-dela-paix.com\/en\/relaxation-detente\/\">Relaxation ! Detente !<\/a><\/h2>\n                                                                                                    <div class=\"wp-post-date\">\n                                                                                24 September 2025                                    <\/div>\n                                                                                            <\/div>\n                                                            <div class=\"post-image-bg\">\n                                    <img src=\"https:\/\/hotel-dela-paix.com\/wp-content\/uploads\/2025\/09\/19A33D29-0A3C-490C-A6A4-9CAB27C50E2F.jpeg\" alt=\"Relaxation ! Detente !\" \/>\n                                <\/div>\n                                                    <\/div>\n                    \n                <\/div>\n            \n                        <div class=\"post-slides\">\n\n                                            <div class=\"post-content-position\">\n                            <div class=\"post-content-left medium-8 columns\">\n                                                                                                    <h2 class=\"wp-post-title\"><a href=\"https:\/\/hotel-dela-paix.com\/en\/nouveau-livre-roman\/\">Nouveau! Livre Roman. Dans votre chambre.<\/a><\/h2>\n                                                                                                    <div class=\"wp-post-date\">\n                                                                                4 June 2025                                    <\/div>\n                                                                                                    <div class=\"wp-post-content\">\ud83d\udc47 Une aventure au-del\u00e0 des fronti\u00e8res\u00a0 Sortie en librairie &nbsp; &nbsp; &nbsp; #Roman #uneaventureaudel\u00e0desfronti\u00e8res #livre #christopheLeclerc #12ans&hellip;<\/div>\n                                                            <\/div>\n                                                            <div class=\"post-image-bg\">\n                                    <img src=\"https:\/\/hotel-dela-paix.com\/wp-content\/uploads\/2025\/06\/IMG_8946.jpeg\" alt=\"Nouveau! Livre Roman. Dans votre chambre.\" \/>\n                                <\/div>\n                                                    <\/div>\n                    \n                <\/div>\n            \n                        <div class=\"post-slides\">\n\n                                            <div class=\"post-content-position\">\n                            <div class=\"post-content-left medium-8 columns\">\n                                                                                                    <h2 class=\"wp-post-title\"><a href=\"https:\/\/hotel-dela-paix.com\/en\/lhotel-de-la-paix-lodeve\/\">L\u2019H\u00f4tel de la Paix LOD\u00c8VE<\/a><\/h2>\n                                                                                                    <div class=\"wp-post-date\">\n                                                                                17 January 2025                                    <\/div>\n                                                                                                    <div class=\"wp-post-content\">L&#8217;H\u00f4tel De La Paix \u00e0 Lod\u00e8ve est bien plus qu&#8217;un simple lieu de s\u00e9jour ; c&#8217;est un&hellip;<\/div>\n                                                            <\/div>\n                                                            <div class=\"post-image-bg\">\n                                    <img src=\"https:\/\/hotel-dela-paix.com\/wp-content\/uploads\/2016\/02\/facade-hotel-de-la-paixhd.jpg\" alt=\"L\u2019H\u00f4tel de la Paix LOD\u00c8VE\" \/>\n                                <\/div>\n                                                    <\/div>\n                    \n                <\/div>\n            \n                        <div class=\"post-slides\">\n\n                                            <div class=\"post-content-position\">\n                            <div class=\"post-content-left medium-8 columns\">\n                                                                                                    <h2 class=\"wp-post-title\"><a href=\"https:\/\/hotel-dela-paix.com\/en\/politique-dannulation\/\">Politique d\u2019annulation\u2026<\/a><\/h2>\n                                                                                                    <div class=\"wp-post-date\">\n                                                                                13 August 2024                                    <\/div>\n                                                                                                    <div class=\"wp-post-content\">Politiques d&#8217;annulation et frais additionnels En raison de notre petite taille, les annulations ont des r\u00e9percussions n\u00e9gatives&hellip;<\/div>\n                                                            <\/div>\n                                                            <div class=\"post-image-bg\">\n                                    <img src=\"https:\/\/hotel-dela-paix.com\/wp-content\/plugins\/recents-post-slider\/assets\/images\/default.jpg\" alt=\"Politique d\u2019annulation\u2026\" \/>\n                                <\/div>\n                                                    <\/div>\n                    \n                <\/div>\n            \n        <\/div>[\/vc_column_text][\/vc_column][\/vc_row][vc_row enable_overlay=&#8221;true&#8221; css=&#8221;.vc_custom_1455200551843{margin-top: 0px !important;margin-right: 0px !important;margin-bottom: 0px !important;margin-left: 0px !important;padding-top: 0px !important;padding-right: 0px !important;padding-bottom: 0px !important;padding-left: 0px !important;background-color: #ffffff !important;}&#8221; el_class=&#8221;box_shadow&#8221;][vc_column][vc_text_separator title=&#8221;The Hotel in Detail&#8221; title_align=&#8221;separator_align_left&#8221; align=&#8221;align_left&#8221; color=&#8221;custom&#8221; accent_color=&#8221;#dbdbdb&#8221; css=&#8221;.vc_custom_1454929094584{margin-bottom: 0px !important;padding-bottom: 0px !important;padding-left: 20px !important;}&#8221; el_class=&#8221;separateur_titre_bold&#8221;][vc_row_inner css=&#8221;.vc_custom_1454924637662{margin-top: 0px !important;margin-right: 0px !important;margin-bottom: 0px !important;margin-left: 0px !important;padding-top: 0px !important;padding-right: 0px !important;padding-bottom: 0px !important;padding-left: 0px !important;background-color: #ffffff !important;}&#8221;][vc_column_inner el_class=&#8221;responsive_box&#8221; width=&#8221;1\/2&#8243;][vc_single_image image=&#8221;3417&#8243; img_size=&#8221;1000&#215;749&#8243; css=&#8221;.vc_custom_1486041416605{margin-right: 0px !important;margin-left: 0px !important;padding-right: 0px !important;padding-left: 0px !important;}&#8221;][\/vc_column_inner][vc_column_inner el_class=&#8221;responsive_box&#8221; width=&#8221;1\/2&#8243;][vc_column_text size=&#8221;0&#8243;]<\/p>\n<p style=\"text-align: justify;\">\nThe Hotel-Restaurant de la Paix in Lod\u00e8ve in the heart of the Languedocien vineyard, welcomes you warmly since 1876. Alone, with friends, with a couple or with the family, come and enjoy the region or relax by the swimming pool in summer.<\/p>\n<p style=\"text-align: justify;\">\nEach room has its original decor, telephone, flat screen TV, bathroom, toilet, hairdryer, welcome products. Because of the history of our walls, we do not yet have an elevator.<\/p>\n<p>[\/vc_column_text][\/vc_column_inner][vc_column_inner css=&#8221;.vc_custom_1672832619030{margin-top: 0px !important;padding-top: 0px !important;}&#8221;][vc_column_text size=&#8221;0&#8243; css=&#8221;.vc_custom_1672833170000{margin-top: 0px !important;margin-right: 0px !important;margin-bottom: 0px !important;margin-left: 0px !important;border-top-width: 1px !important;border-right-width: 1px !important;border-bottom-width: 1px !important;border-left-width: 1px !important;padding-top: 15px !important;padding-right: 15px !important;padding-bottom: 15px !important;padding-left: 15px !important;background-color: #dbdbdb !important;border-left-color: #dbdbdb !important;border-left-style: solid !important;border-right-color: #dbdbdb !important;border-right-style: solid !important;border-top-color: #dbdbdb !important;border-top-style: solid !important;border-bottom-color: #dbdbdb !important;border-bottom-style: solid !important;border-radius: 3px !important;}&#8221;]<\/p>\n<h4 style=\"margin-top: 0px;\">Hotel hours :<\/h4>\n<p><strong>Monday and Saturday :<\/strong> de 16h to 21h<br \/>\n<strong>Tuesday, Wednesday, Thursday and Friday: <\/strong>7h30 to 21h<br \/>\n<strong>Sunday :<\/strong> de 7h30 to 12h[\/vc_column_text][\/vc_column_inner][\/vc_row_inner][\/vc_column][\/vc_row][vc_row enable_overlay=&#8221;true&#8221; css=&#8221;.vc_custom_1455200275846{margin-top: 0px !important;margin-right: 0px !important;margin-bottom: 0px !important;margin-left: 0px !important;padding-top: 0px !important;padding-right: 0px !important;padding-bottom: 0px !important;padding-left: 0px !important;background-color: #ffffff !important;}&#8221; el_class=&#8221;box_shadow&#8221;][vc_column][vc_text_separator title=&#8221;Restaurant and bar&#8221; title_align=&#8221;separator_align_left&#8221; align=&#8221;align_left&#8221; color=&#8221;custom&#8221; accent_color=&#8221;#dbdbdb&#8221; css=&#8221;.vc_custom_1484900636661{margin-bottom: 0px !important;padding-bottom: 0px !important;padding-left: 20px !important;}&#8221; el_class=&#8221;separateur_titre_bold&#8221;][vc_row_inner css=&#8221;.vc_custom_1455024180490{margin-top: 0px !important;margin-right: 0px !important;margin-bottom: 0px !important;margin-left: 0px !important;padding-top: 0px !important;padding-right: 0px !important;padding-bottom: 0px !important;padding-left: 0px !important;background-color: #ffffff !important;}&#8221;][vc_column_inner el_class=&#8221;responsive_box&#8221; width=&#8221;1\/2&#8243;][vc_column_text size=&#8221;0&#8243;]<\/p>\n<p style=\"text-align: justify;\">Our restaurant \u00ab La Paix \u00bb offers fresh products, served and made by qualified staff (homemade). Our sommelier will make you discover the wines of our region.<\/p>\n<p style=\"text-align: justify;\">Nous vous accueillons, pour vos repas d\u2019affaires ou de famille dans notre salle int\u00e9rieure moderne ou \u00e0 l\u2019ext\u00e9rieur sur la terrasse, pr\u00e9s de la piscine d\u2019\u00e9t\u00e9.<\/p>\n<p>[\/vc_column_text][\/vc_column_inner][vc_column_inner el_class=&#8221;responsive_box&#8221; width=&#8221;1\/2&#8243;][vc_single_image image=&#8221;5710&#8243; img_size=&#8221;1000&#215;750&#8243; css=&#8221;.vc_custom_1598951335533{margin-right: 0px !important;margin-left: 0px !important;padding-right: 0px !important;padding-left: 0px !important;}&#8221;][\/vc_column_inner][\/vc_row_inner][\/vc_column][\/vc_row][vc_row enable_overlay=&#8221;true&#8221; css=&#8221;.vc_custom_1455200285187{margin-top: 0px !important;margin-right: 0px !important;margin-bottom: 50px !important;margin-left: 0px !important;padding-top: 0px !important;padding-right: 0px !important;padding-bottom: 0px !important;padding-left: 0px !important;background-color: #ffffff !important;}&#8221; el_class=&#8221;box_shadow&#8221;][vc_column][vc_text_separator title=&#8221;Meeting rooms&#8221; title_align=&#8221;separator_align_left&#8221; align=&#8221;align_left&#8221; color=&#8221;custom&#8221; accent_color=&#8221;#dbdbdb&#8221; css=&#8221;.vc_custom_1484900632089{margin-bottom: 0px !important;padding-bottom: 0px !important;padding-left: 20px !important;}&#8221; el_class=&#8221;separateur_titre_bold&#8221;][vc_row_inner css=&#8221;.vc_custom_1454924637662{margin-top: 0px !important;margin-right: 0px !important;margin-bottom: 0px !important;margin-left: 0px !important;padding-top: 0px !important;padding-right: 0px !important;padding-bottom: 0px !important;padding-left: 0px !important;background-color: #ffffff !important;}&#8221;][vc_column_inner el_class=&#8221;responsive_box&#8221; width=&#8221;1\/2&#8243;][vc_single_image image=&#8221;3414&#8243; img_size=&#8221;1000&#215;750&#8243; css=&#8221;.vc_custom_1486041525222{margin-right: 0px !important;margin-left: 0px !important;padding-right: 0px !important;padding-left: 0px !important;}&#8221;][\/vc_column_inner][vc_column_inner el_class=&#8221;responsive_box&#8221; width=&#8221;1\/2&#8243;][vc_column_text size=&#8221;0&#8243;]<\/p>\n<p style=\"text-align: justify;\">We have a seminar room of 25m\u00b2 with 10 to 20 people, fully modular and adapted to the number of your workers.<\/p>\n<p style=\"text-align: justify;\">For a superior event, the restaurant room of 100 m\u00b2, can be arranged, according to availability. Formula adaptable to your project and estimate on request<\/p>\n<p>[\/vc_column_text][\/vc_column_inner][\/vc_row_inner][\/vc_column][\/vc_row]<\/p>\n","protected":false},"excerpt":{"rendered":"<p>[vc_row enable_overlay=&#8221;true&#8221; css=&#8221;.vc_custom_1455707025606{margin-top: 35px !important;margin-right: 0px !important;margin-bottom: 0px !important;margin-left: 0px !important;padding-top: 0px !important;padding-bottom: 0px !important;}&#8221; el_class=&#8221;box_shadow&#8221;][vc_column enable_overlay=&#8221;true&#8221; css=&#8221;.vc_custom_1455200116499{margin-top: 0px !important;margin-right: 0px !important;margin-bottom: 0px !important;margin-left: 0px !important;padding-top: 20px !important;padding-right: 20px !important;padding-bottom: 20px !important;padding-left: 20px !important;background-color: #ffffff !important;}&#8221;][vc_column_text size=&#8221;0&#8243; css=&#8221;.vc_custom_1775657859897{margin-top: 0px !important;margin-right: 0px !important;margin-bottom: 0px !important;margin-left: 0px !important;padding-top: 0px !important;padding-right: 0px !important;padding-bottom: 0px !important;padding-left: 0px !important;}&#8221;][\/vc_column_text][\/vc_column][\/vc_row][vc_row enable_overlay=&#8221;true&#8221;&#8230;<\/p>\n","protected":false},"author":5,"featured_media":0,"parent":0,"menu_order":0,"comment_status":"closed","ping_status":"closed","template":"page_hotel_header_full_screen.php","meta":[],"aioseo_notices":[],"_links":{"self":[{"href":"https:\/\/hotel-dela-paix.com\/en\/wp-json\/wp\/v2\/pages\/4144"}],"collection":[{"href":"https:\/\/hotel-dela-paix.com\/en\/wp-json\/wp\/v2\/pages"}],"about":[{"href":"https:\/\/hotel-dela-paix.com\/en\/wp-json\/wp\/v2\/types\/page"}],"author":[{"embeddable":true,"href":"https:\/\/hotel-dela-paix.com\/en\/wp-json\/wp\/v2\/users\/5"}],"replies":[{"embeddable":true,"href":"https:\/\/hotel-dela-paix.com\/en\/wp-json\/wp\/v2\/comments?post=4144"}],"version-history":[{"count":14,"href":"https:\/\/hotel-dela-paix.com\/en\/wp-json\/wp\/v2\/pages\/4144\/revisions"}],"predecessor-version":[{"id":6598,"href":"https:\/\/hotel-dela-paix.com\/en\/wp-json\/wp\/v2\/pages\/4144\/revisions\/6598"}],"wp:attachment":[{"href":"https:\/\/hotel-dela-paix.com\/en\/wp-json\/wp\/v2\/media?parent=4144"}],"curies":[{"name":"wp","href":"https:\/\/api.w.org\/{rel}","templated":true}]}}

<p>[vc_row enable_overlay=&#8221;true&#8221; css=&#8221;.vc_custom_1455707025606{margin-top: 35px !important;margin-right: 0px !important;margin-bottom: 0px !important;margin-left: 0px !important;padding-top: 0px !important;padding-bottom: 0px !important;}&#8221; el_class=&#8221;box_shadow&#8221;][vc_column enable_overlay=&#8221;true&#8221; css=&#8221;.vc_custom_1455200116499{margin-top: 0px !important;margin-right: 0px !important;margin-bottom: 0px !important;margin-left: 0px !important;padding-top: 20px !important;padding-right: 20px !important;padding-bottom: 20px !important;padding-left: 20px !important;background-color: #ffffff !important;}&#8221;][vc_column_text size=&#8221;0&#8243; css=&#8221;.vc_custom_1775657859897{margin-top: 0px !important;margin-right: 0px !important;margin-bottom: 0px !important;margin-left: 0px !important;padding-top: 0px !important;padding-right: 0px !important;padding-bottom: 0px !important;padding-left: 0px !important;}&#8221;]<div class="recent-post-slider design-1">                <div class="post-slides">

                                            <div class="post-content-position">
                            <div class="post-content-left medium-8 columns">
                                                                                                    <h2 class="wp-post-title"><a href="https://hotel-dela-paix.com/en/christophe_leclerc/">La Champagne , de la terre à la coupe</a></h2>
                                                                                                    <div class="wp-post-date">
                                                                                19 March 2026                                    </div>
                                                                                                    <div class="wp-post-content">Nouveau Livre 📕 disponible à l’hôtel de la Paix Christophe Leclerc. Son premier ouvrage, Une aventure au-delà&hellip;</div>
                                                            </div>
                                                            <div class="post-image-bg">
                                    <img src="https://hotel-dela-paix.com/wp-content/plugins/recents-post-slider/assets/images/default.jpg" alt="La Champagne , de la terre à la coupe" />
                                </div>
                                                    </div>
                    
                </div>
            
                        <div class="post-slides">

                                            <div class="post-content-position">
                            <div class="post-content-left medium-8 columns">
                                                                                                    <h2 class="wp-post-title"><a href="https://hotel-dela-paix.com/en/relaxation-detente/">Relaxation ! Detente !</a></h2>
                                                                                                    <div class="wp-post-date">
                                                                                24 September 2025                                    </div>
                                                                                            </div>
                                                            <div class="post-image-bg">
                                    <img src="https://hotel-dela-paix.com/wp-content/uploads/2025/09/19A33D29-0A3C-490C-A6A4-9CAB27C50E2F.jpeg" alt="Relaxation ! Detente !" />
                                </div>
                                                    </div>
                    
                </div>
            
                        <div class="post-slides">

                                            <div class="post-content-position">
                            <div class="post-content-left medium-8 columns">
                                                                                                    <h2 class="wp-post-title"><a href="https://hotel-dela-paix.com/en/nouveau-livre-roman/">Nouveau! Livre Roman. Dans votre chambre.</a></h2>
                                                                                                    <div class="wp-post-date">
                                                                                4 June 2025                                    </div>
                                                                                                    <div class="wp-post-content">👇 Une aventure au-delà des frontières  Sortie en librairie &nbsp; &nbsp; &nbsp; #Roman #uneaventureaudelàdesfrontières #livre #christopheLeclerc #12ans&hellip;</div>
                                                            </div>
                                                            <div class="post-image-bg">
                                    <img src="https://hotel-dela-paix.com/wp-content/uploads/2025/06/IMG_8946.jpeg" alt="Nouveau! Livre Roman. Dans votre chambre." />
                                </div>
                                                    </div>
                    
                </div>
            
                        <div class="post-slides">

                                            <div class="post-content-position">
                            <div class="post-content-left medium-8 columns">
                                                                                                    <h2 class="wp-post-title"><a href="https://hotel-dela-paix.com/en/lhotel-de-la-paix-lodeve/">L’Hôtel de la Paix LODÈVE</a></h2>
                                                                                                    <div class="wp-post-date">
                                                                                17 January 2025                                    </div>
                                                                                                    <div class="wp-post-content">L&#8217;Hôtel De La Paix à Lodève est bien plus qu&#8217;un simple lieu de séjour ; c&#8217;est un&hellip;</div>
                                                            </div>
                                                            <div class="post-image-bg">
                                    <img src="https://hotel-dela-paix.com/wp-content/uploads/2016/02/facade-hotel-de-la-paixhd.jpg" alt="L’Hôtel de la Paix LODÈVE" />
                                </div>
                                                    </div>
                    
                </div>
            
                        <div class="post-slides">

                                            <div class="post-content-position">
                            <div class="post-content-left medium-8 columns">
                                                                                                    <h2 class="wp-post-title"><a href="https://hotel-dela-paix.com/en/politique-dannulation/">Politique d’annulation…</a></h2>
                                                                                                    <div class="wp-post-date">
                                                                                13 August 2024                                    </div>
                                                                                                    <div class="wp-post-content">Politiques d&#8217;annulation et frais additionnels En raison de notre petite taille, les annulations ont des répercussions négatives&hellip;</div>
                                                            </div>
                                                            <div class="post-image-bg">
                                    <img src="https://hotel-dela-paix.com/wp-content/plugins/recents-post-slider/assets/images/default.jpg" alt="Politique d’annulation…" />
                                </div>
                                                    </div>
                    
                </div>
            
        </div>[/vc_column_text][/vc_column][/vc_row][vc_row enable_overlay=&#8221;true&#8221; css=&#8221;.vc_custom_1455200551843{margin-top: 0px !important;margin-right: 0px !important;margin-bottom: 0px !important;margin-left: 0px !important;padding-top: 0px !important;padding-right: 0px !important;padding-bottom: 0px !important;padding-left: 0px !important;background-color: #ffffff !important;}&#8221; el_class=&#8221;box_shadow&#8221;][vc_column][vc_text_separator title=&#8221;The Hotel in Detail&#8221; title_align=&#8221;separator_align_left&#8221; align=&#8221;align_left&#8221; color=&#8221;custom&#8221; accent_color=&#8221;#dbdbdb&#8221; css=&#8221;.vc_custom_1454929094584{margin-bottom: 0px !important;padding-bottom: 0px !important;padding-left: 20px !important;}&#8221; el_class=&#8221;separateur_titre_bold&#8221;][vc_row_inner css=&#8221;.vc_custom_1454924637662{margin-top: 0px !important;margin-right: 0px !important;margin-bottom: 0px !important;margin-left: 0px !important;padding-top: 0px !important;padding-right: 0px !important;padding-bottom: 0px !important;padding-left: 0px !important;background-color: #ffffff !important;}&#8221;][vc_column_inner el_class=&#8221;responsive_box&#8221; width=&#8221;1/2&#8243;][vc_single_image image=&#8221;3417&#8243; img_size=&#8221;1000&#215;749&#8243; css=&#8221;.vc_custom_1486041416605{margin-right: 0px !important;margin-left: 0px !important;padding-right: 0px !important;padding-left: 0px !important;}&#8221;][/vc_column_inner][vc_column_inner el_class=&#8221;responsive_box&#8221; width=&#8221;1/2&#8243;][vc_column_text size=&#8221;0&#8243;]</p>
<p style="text-align: justify;">
The Hotel-Restaurant de la Paix in Lodève in the heart of the Languedocien vineyard, welcomes you warmly since 1876. Alone, with friends, with a couple or with the family, come and enjoy the region or relax by the swimming pool in summer.</p>
<p style="text-align: justify;">
Each room has its original decor, telephone, flat screen TV, bathroom, toilet, hairdryer, welcome products. Because of the history of our walls, we do not yet have an elevator.</p>
<p>[/vc_column_text][/vc_column_inner][vc_column_inner css=&#8221;.vc_custom_1672832619030{margin-top: 0px !important;padding-top: 0px !important;}&#8221;][vc_column_text size=&#8221;0&#8243; css=&#8221;.vc_custom_1672833170000{margin-top: 0px !important;margin-right: 0px !important;margin-bottom: 0px !important;margin-left: 0px !important;border-top-width: 1px !important;border-right-width: 1px !important;border-bottom-width: 1px !important;border-left-width: 1px !important;padding-top: 15px !important;padding-right: 15px !important;padding-bottom: 15px !important;padding-left: 15px !important;background-color: #dbdbdb !important;border-left-color: #dbdbdb !important;border-left-style: solid !important;border-right-color: #dbdbdb !important;border-right-style: solid !important;border-top-color: #dbdbdb !important;border-top-style: solid !important;border-bottom-color: #dbdbdb !important;border-bottom-style: solid !important;border-radius: 3px !important;}&#8221;]</p>
<h4 style="margin-top: 0px;">Hotel hours :</h4>
<p><strong>Monday and Saturday :</strong> de 16h to 21h<br />
<strong>Tuesday, Wednesday, Thursday and Friday: </strong>7h30 to 21h<br />
<strong>Sunday :</strong> de 7h30 to 12h[/vc_column_text][/vc_column_inner][/vc_row_inner][/vc_column][/vc_row][vc_row enable_overlay=&#8221;true&#8221; css=&#8221;.vc_custom_1455200275846{margin-top: 0px !important;margin-right: 0px !important;margin-bottom: 0px !important;margin-left: 0px !important;padding-top: 0px !important;padding-right: 0px !important;padding-bottom: 0px !important;padding-left: 0px !important;background-color: #ffffff !important;}&#8221; el_class=&#8221;box_shadow&#8221;][vc_column][vc_text_separator title=&#8221;Restaurant and bar&#8221; title_align=&#8221;separator_align_left&#8221; align=&#8221;align_left&#8221; color=&#8221;custom&#8221; accent_color=&#8221;#dbdbdb&#8221; css=&#8221;.vc_custom_1484900636661{margin-bottom: 0px !important;padding-bottom: 0px !important;padding-left: 20px !important;}&#8221; el_class=&#8221;separateur_titre_bold&#8221;][vc_row_inner css=&#8221;.vc_custom_1455024180490{margin-top: 0px !important;margin-right: 0px !important;margin-bottom: 0px !important;margin-left: 0px !important;padding-top: 0px !important;padding-right: 0px !important;padding-bottom: 0px !important;padding-left: 0px !important;background-color: #ffffff !important;}&#8221;][vc_column_inner el_class=&#8221;responsive_box&#8221; width=&#8221;1/2&#8243;][vc_column_text size=&#8221;0&#8243;]</p>
<p style="text-align: justify;">Our restaurant « La Paix » offers fresh products, served and made by qualified staff (homemade). Our sommelier will make you discover the wines of our region.</p>
<p style="text-align: justify;">Nous vous accueillons, pour vos repas d’affaires ou de famille dans notre salle intérieure moderne ou à l’extérieur sur la terrasse, prés de la piscine d’été.</p>
<p>[/vc_column_text][/vc_column_inner][vc_column_inner el_class=&#8221;responsive_box&#8221; width=&#8221;1/2&#8243;][vc_single_image image=&#8221;5710&#8243; img_size=&#8221;1000&#215;750&#8243; css=&#8221;.vc_custom_1598951335533{margin-right: 0px !important;margin-left: 0px !important;padding-right: 0px !important;padding-left: 0px !important;}&#8221;][/vc_column_inner][/vc_row_inner][/vc_column][/vc_row][vc_row enable_overlay=&#8221;true&#8221; css=&#8221;.vc_custom_1455200285187{margin-top: 0px !important;margin-right: 0px !important;margin-bottom: 50px !important;margin-left: 0px !important;padding-top: 0px !important;padding-right: 0px !important;padding-bottom: 0px !important;padding-left: 0px !important;background-color: #ffffff !important;}&#8221; el_class=&#8221;box_shadow&#8221;][vc_column][vc_text_separator title=&#8221;Meeting rooms&#8221; title_align=&#8221;separator_align_left&#8221; align=&#8221;align_left&#8221; color=&#8221;custom&#8221; accent_color=&#8221;#dbdbdb&#8221; css=&#8221;.vc_custom_1484900632089{margin-bottom: 0px !important;padding-bottom: 0px !important;padding-left: 20px !important;}&#8221; el_class=&#8221;separateur_titre_bold&#8221;][vc_row_inner css=&#8221;.vc_custom_1454924637662{margin-top: 0px !important;margin-right: 0px !important;margin-bottom: 0px !important;margin-left: 0px !important;padding-top: 0px !important;padding-right: 0px !important;padding-bottom: 0px !important;padding-left: 0px !important;background-color: #ffffff !important;}&#8221;][vc_column_inner el_class=&#8221;responsive_box&#8221; width=&#8221;1/2&#8243;][vc_single_image image=&#8221;3414&#8243; img_size=&#8221;1000&#215;750&#8243; css=&#8221;.vc_custom_1486041525222{margin-right: 0px !important;margin-left: 0px !important;padding-right: 0px !important;padding-left: 0px !important;}&#8221;][/vc_column_inner][vc_column_inner el_class=&#8221;responsive_box&#8221; width=&#8221;1/2&#8243;][vc_column_text size=&#8221;0&#8243;]</p>
<p style="text-align: justify;">We have a seminar room of 25m² with 10 to 20 people, fully modular and adapted to the number of your workers.</p>
<p style="text-align: justify;">For a superior event, the restaurant room of 100 m², can be arranged, according to availability. Formula adaptable to your project and estimate on request</p>
<p>[/vc_column_text][/vc_column_inner][/vc_row_inner][/vc_column][/vc_row]</p>
